{"id":24554,"date":"2023-03-27T11:00:48","date_gmt":"2023-03-27T11:00:48","guid":{"rendered":"https:\/\/www.obec-nesuchyne.cz\/?page_id=24554"},"modified":"2023-03-27T11:15:07","modified_gmt":"2023-03-27T11:15:07","slug":"miroslav-kluc","status":"publish","type":"page","link":"https:\/\/www.obec-nesuchyne.cz\/?page_id=24554","title":{"rendered":"Miroslav Kl\u016fc"},"content":{"rendered":"<p><a href=\"http:\/\/www.obec-nesuchyne.cz\/wp-content\/uploads\/2023\/03\/miroslav-kluc-1.jpg\"><img loading=\"lazy\" decoding=\"async\" class=\"size-thumbnail wp-image-24555 alignleft\" src=\"http:\/\/www.obec-nesuchyne.cz\/wp-content\/uploads\/2023\/03\/miroslav-kluc-1-150x150.jpg\" alt=\"\" width=\"150\" height=\"150\"><\/a><strong>Miroslav Kl\u016fc<\/strong> se narodil 1.12.1922 v&nbsp;Nesuchyni. S ledn\u00edm hokejem za\u010d\u00ednal v meziv\u00e1le\u010dn\u00fdch letech v Nesuchyni na zamrzl\u00e9m rybn\u00edku.<a href=\"http:\/\/www.obec-nesuchyne.cz\/wp-content\/uploads\/2022\/09\/IMG_20220924_091751-scaled.jpg\"><img loading=\"lazy\" decoding=\"async\" class=\"size-thumbnail wp-image-24136 alignright\" src=\"http:\/\/www.obec-nesuchyne.cz\/wp-content\/uploads\/2022\/09\/IMG_20220924_091751-150x150.jpg\" alt=\"\" width=\"150\" height=\"150\"><\/a> Po druh\u00e9 sv\u011btov\u00e9 v\u00e1lce p\u0159estoupil z Nesuchyn\u011b u Rakovn\u00edka do Chomutova s bratrem Josefem, tak\u00e9 kanon\u00fdrem; ten dal za &#8222;valc\u00ed\u0159e&#8220; 692 g\u00f3l\u016f. &#8222;I bratranec Blahou\u0161, kter\u00fd tu s n\u00e1mi hr\u00e1l, um\u011bl st\u0159\u00edlet,&#8220; vzpom\u00ednal kdysi Miroslav t\u0159et\u00edho Kl\u016fce v sestav\u011b. &#8222;U n\u00e1s na vesnici jsem kluk\u016fm z legrace v\u011b\u0161el \u010depice do branky a trefovali jsme se do nich,&#8220; p\u00e1tral po sv\u00e9m palebn\u00e9m um\u011bn\u00ed. Od roku 1959 do 1963 byl hr\u00e1\u010dem a tren\u00e9rem Litv\u00ednova, za n\u011bj\u017e dal v prvn\u00ed lize ve 105 z\u00e1pasech 73 g\u00f3l\u016f (v 59\/60 skon\u010dil ve sv\u00fdch 38 letech druh\u00fd mezi ligov\u00fdmi kanon\u00fdry s 23 g\u00f3ly). Pozd\u011bji se do klubu je\u0161t\u011b vr\u00e1til jako tren\u00e9r.<\/p>\n<p>&nbsp;&nbsp;&nbsp; Z\u00fa\u010dastnil se mistrovstv\u00ed sv\u011bta 1956 (v r\u00e1mci olympijsk\u00e9ho turnaje), t\u00fdm skon\u010dil p\u00e1t\u00fd, a sv\u011btov\u00e9ho \u0161ampion\u00e1tu 1953 &#8211; \u010ceskoslovensko jej nedohr\u00e1lo. V knize 22 let ledn\u00edho hokeje v Chomutov\u011b se o n\u011bm p\u00ed\u0161e jako o ryt\u00ed\u0159i zimn\u00edch stadion\u016f, hr\u00e1l slu\u0161n\u011b a korektn\u011b, byl obl\u00edben\u00fd. Hr\u00e1val za kluby Chomutov a za Litv\u00ednov. \u010cty\u0159ikr\u00e1t se stal nejlep\u0161\u00edm st\u0159elcem ligy (1952 \u2013 23 g\u00f3l\u016f, 1953 \u2013 33 g\u00f3l\u016f, 1955 \u2013 25 g\u00f3l\u016f, 1956 \u2013 26 g\u00f3l\u016f). \u010ceskoslovensko reprezentoval na MS 1953 a na ZOH 1956.&nbsp; Je pova\u017eov\u00e1n za nejlep\u0161\u00edho hr\u00e1\u010de chomutovsk\u00e9ho hokeje. Za Chomutov nas\u00e1zel ve 473 z\u00e1pasech dnes nedosti\u017en\u00fdch 1 194 g\u00f3l\u016f. Byl tak\u00e9 tren\u00e9rem jugosl\u00e1vsk\u00e9 reprezentace na ZOH 1972 v Sapporu a Chomutova.<\/p>\n<p><a href=\"http:\/\/www.obec-nesuchyne.cz\/wp-content\/uploads\/2023\/03\/kluchokweveweb_denik-630-16x9-1.jpg\"><img loading=\"lazy\" decoding=\"async\" class=\"size-thumbnail wp-image-24556 alignleft\" src=\"http:\/\/www.obec-nesuchyne.cz\/wp-content\/uploads\/2023\/03\/kluchokweveweb_denik-630-16x9-1-150x150.jpg\" alt=\"\" width=\"150\" height=\"150\"><\/a>Dne 15. prosince 2011 byl uveden do S\u00edn\u011b sl\u00e1vy \u010desk\u00e9ho hokeje. Pan Miroslav Kl\u016fc zem\u0159el 4.12.2012. <a href=\"http:\/\/www.obec-nesuchyne.cz\/wp-content\/uploads\/2022\/08\/kluc1.jpg\"><img loading=\"lazy\" decoding=\"async\" class=\"size-thumbnail wp-image-24048 alignright\" src=\"http:\/\/www.obec-nesuchyne.cz\/wp-content\/uploads\/2022\/08\/kluc1-150x150.jpg\" alt=\"\" width=\"150\" height=\"150\"><\/a>Na jeho po\u010dest byla v roce 2016, u p\u0159\u00edle\u017eitosti 700 let obce Nesuchyn\u011b, um\u00edst\u011bna na zdi nesuchy\u0148sk\u00e9 sokolovny pam\u011btn\u00ed deska. Rybn\u00edk, na kter\u00e9m za\u010d\u00ednal svoj\u00ed hokejovou kari\u00e9ru Miroslav Kl\u016fc, slou\u017e\u00ed i dnes v zim\u011b k bruslen\u00ed.<\/p>\n","protected":false},"excerpt":{"rendered":"<p>Miroslav Kl\u016fc se narodil 1.12.1922 v&nbsp;Nesuchyni. S ledn\u00edm hokejem za\u010d\u00ednal v meziv\u00e1le\u010dn\u00fdch letech v Nesuchyni na zamrzl\u00e9m rybn\u00edku. Po druh\u00e9 sv\u011btov\u00e9 v\u00e1lce p\u0159estoupil z Nesuchyn\u011b u Rakovn\u00edka do Chomutova s bratrem Josefem, tak\u00e9 kanon\u00fdrem; ten dal za &#8222;valc\u00ed\u0159e&#8220; 692 g\u00f3l\u016f. &#8222;I bratranec Blahou\u0161, kter\u00fd tu s n\u00e1mi hr\u00e1l, um\u011bl st\u0159\u00edlet,&#8220;<span class=\"more-link\"><a href=\"https:\/\/www.obec-nesuchyne.cz\/?page_id=24554\">Zobrazit<\/a><\/span><\/p>\n","protected":false},"author":2,"featured_media":0,"parent":0,"menu_order":0,"comment_status":"closed","ping_status":"closed","template":"","meta":{"ngg_post_thumbnail":0,"footnotes":""},"class_list":["entry","author-nehasil","post-24554","page","type-page","status-publish"],"publishpress_future_action":{"enabled":false,"date":"2026-05-07 00:00:00","action":"change-status","newStatus":"draft","terms":[],"taxonomy":"","extraData":[]},"publishpress_future_workflow_manual_trigger":{"enabledWorkflows":[]},"_links":{"self":[{"href":"https:\/\/www.obec-nesuchyne.cz\/index.php?rest_route=\/wp\/v2\/pages\/24554","targetHints":{"allow":["GET"]}}],"collection":[{"href":"https:\/\/www.obec-nesuchyne.cz\/index.php?rest_route=\/wp\/v2\/pages"}],"about":[{"href":"https:\/\/www.obec-nesuchyne.cz\/index.php?rest_route=\/wp\/v2\/types\/page"}],"author":[{"embeddable":true,"href":"https:\/\/www.obec-nesuchyne.cz\/index.php?rest_route=\/wp\/v2\/users\/2"}],"replies":[{"embeddable":true,"href":"https:\/\/www.obec-nesuchyne.cz\/index.php?rest_route=%2Fwp%2Fv2%2Fcomments&post=24554"}],"version-history":[{"count":6,"href":"https:\/\/www.obec-nesuchyne.cz\/index.php?rest_route=\/wp\/v2\/pages\/24554\/revisions"}],"predecessor-version":[{"id":24563,"href":"https:\/\/www.obec-nesuchyne.cz\/index.php?rest_route=\/wp\/v2\/pages\/24554\/revisions\/24563"}],"wp:attachment":[{"href":"https:\/\/www.obec-nesuchyne.cz\/index.php?rest_route=%2Fwp%2Fv2%2Fmedia&parent=24554"}],"curies":[{"name":"wp","href":"https:\/\/api.w.org\/{rel}","templated":true}]}}

Miroslav Klůc

<p><a href="http://www.obec-nesuchyne.cz/wp-content/uploads/2023/03/miroslav-kluc-1.jpg"><img loading="lazy" decoding="async" class="size-thumbnail wp-image-24555 alignleft" src="http://www.obec-nesuchyne.cz/wp-content/uploads/2023/03/miroslav-kluc-1-150x150.jpg" alt="" width="150" height="150"></a><strong>Miroslav Klůc</strong> se narodil 1.12.1922 v&nbsp;Nesuchyni. S ledním hokejem začínal v meziválečných letech v Nesuchyni na zamrzlém rybníku.<a href="http://www.obec-nesuchyne.cz/wp-content/uploads/2022/09/IMG_20220924_091751-scaled.jpg"><img loading="lazy" decoding="async" class="size-thumbnail wp-image-24136 alignright" src="http://www.obec-nesuchyne.cz/wp-content/uploads/2022/09/IMG_20220924_091751-150x150.jpg" alt="" width="150" height="150"></a> Po druhé světové válce přestoupil z Nesuchyně u Rakovníka do Chomutova s bratrem Josefem, také kanonýrem; ten dal za &#8222;valcíře&#8220; 692 gólů. &#8222;I bratranec Blahouš, který tu s námi hrál, uměl střílet,&#8220; vzpomínal kdysi Miroslav třetího Klůce v sestavě. &#8222;U nás na vesnici jsem klukům z legrace věšel čepice do branky a trefovali jsme se do nich,&#8220; pátral po svém palebném umění. Od roku 1959 do 1963 byl hráčem a trenérem Litvínova, za nějž dal v první lize ve 105 zápasech 73 gólů (v 59/60 skončil ve svých 38 letech druhý mezi ligovými kanonýry s 23 góly). Později se do klubu ještě vrátil jako trenér.</p>
<p>&nbsp;&nbsp;&nbsp; Zúčastnil se mistrovství světa 1956 (v rámci olympijského turnaje), tým skončil pátý, a světového šampionátu 1953 &#8211; Československo jej nedohrálo. V knize 22 let ledního hokeje v Chomutově se o něm píše jako o rytíři zimních stadionů, hrál slušně a korektně, byl oblíbený. Hrával za kluby Chomutov a za Litvínov. Čtyřikrát se stal nejlepším střelcem ligy (1952 – 23 gólů, 1953 – 33 gólů, 1955 – 25 gólů, 1956 – 26 gólů). Československo reprezentoval na MS 1953 a na ZOH 1956.&nbsp; Je považován za nejlepšího hráče chomutovského hokeje. Za Chomutov nasázel ve 473 zápasech dnes nedostižných 1 194 gólů. Byl také trenérem jugoslávské reprezentace na ZOH 1972 v Sapporu a Chomutova.</p>
<p><a href="http://www.obec-nesuchyne.cz/wp-content/uploads/2023/03/kluchokweveweb_denik-630-16x9-1.jpg"><img loading="lazy" decoding="async" class="size-thumbnail wp-image-24556 alignleft" src="http://www.obec-nesuchyne.cz/wp-content/uploads/2023/03/kluchokweveweb_denik-630-16x9-1-150x150.jpg" alt="" width="150" height="150"></a>Dne 15. prosince 2011 byl uveden do Síně slávy českého hokeje. Pan Miroslav Klůc zemřel 4.12.2012. <a href="http://www.obec-nesuchyne.cz/wp-content/uploads/2022/08/kluc1.jpg"><img loading="lazy" decoding="async" class="size-thumbnail wp-image-24048 alignright" src="http://www.obec-nesuchyne.cz/wp-content/uploads/2022/08/kluc1-150x150.jpg" alt="" width="150" height="150"></a>Na jeho počest byla v roce 2016, u příležitosti 700 let obce Nesuchyně, umístěna na zdi nesuchyňské sokolovny pamětní deska. Rybník, na kterém začínal svojí hokejovou kariéru Miroslav Klůc, slouží i dnes v zimě k bruslení.</p>

<p>Miroslav Klůc se narodil 1.12.1922 v&nbsp;Nesuchyni. S ledním hokejem začínal v meziválečných letech v Nesuchyni na zamrzlém rybníku. Po druhé světové válce přestoupil z Nesuchyně u Rakovníka do Chomutova s bratrem Josefem, také kanonýrem; ten dal za &#8222;valcíře&#8220; 692 gólů. &#8222;I bratranec Blahouš, který tu s námi hrál, uměl střílet,&#8220;<span class="more-link"><a href="https://www.obec-nesuchyne.cz/?page_id=24554">Zobrazit</a></span></p>
